-3)/15 - (-281)/5. Let l be (-2)/(-2*2/g). Let z = l + -13. List the prime factors of z.
3, 5
Let b(r) = 82*r - 82. What are the prime factors of b(24)?
2, 23, 41
Let j(h) = -140*h + 3. What are the prime factors of j(-19)?
2663
Suppose 6*o - o - 5*u = 25, -4*o + 5*u + 20 = 0. Suppose m = n - 56, o*n - n - m - 236 = 0. List the prime factors of n.
2, 3, 5
Suppose -5*t - s = -3*s - 217, t - 41 = -2*s. Let h = t + -7. What are the prime factors of h?
2, 3
What are the prime factors of 4 + 389 + (-9 - -7)?
17, 23
Let x be (0 - -3)/(-1 + 2). Suppose -v = -x + 2. What are the prime factors of (0 - v)/(4/(-140))?
5, 7
Let c = 66 - 36. What are the prime factors of 6/c - (-768)/10?
7, 11
Let w = 17 + -7. Let h be (1 - -11)*w/(-30). What are the prime factors of 44 + (-1 + -6 - h)?
41
Let g = 7 - 5. Let f = -26 + 70. Suppose -g*o = -0*o - f. What are the prime factors of o?
2, 11
Let d = -390 + 777. Suppose -8 = i - 10. Suppose 15 = -3*k, -2*k + i = -5*f + d. What are the prime factors of f?
3, 5
Let n(a) be the first derivative of -3*a**4/4 - 5*a**3/3 - 3*a**2/2 + 4*a + 25. List the prime factors of n(-3).
7
Let o(q) = 2*q**3 - 17*q**2 - 34*q + 316. What are the prime factors of o(13)?
3, 5, 31
Suppose k - 16 = -d, k - 2*d = -4*k + 101. Let g = -7 + k. List the prime factors of g.
2, 3
Suppose 5*g - 4*v - 1248 = 231, 2*g - 2*v - 590 = 0. List the prime factors of g.
13, 23
Let x(y) = y**2 + y - 2. Let z be x(2). Suppose z*j + 136 = 5*c, j = 4*c - 3*c - 28. Suppose m = 4*m - c. What are the prime factors of m?
2
Suppose 0 = 5*m - 5*c - 1920, 2*m - c - 425 - 347 = 0. List the prime factors of m.
2, 97
Let q be 3*(170/6 + -3). Suppose -5*w + 0*c + 412 = c, 3*c + q = w. What are the prime factors of w?
2, 41
Suppose -4*g = -47 + 3. Let w = g + -11. Suppose w = -5*f + 66 + 14. What are the prime factors of f?
2
Let x(j) = j**3 - 13*j**2 - 3*j + 19. Let b be x(13). Let r be (-2)/8 + (-105)/b. Let i(f) = 2*f**2 - f - 5. What are the prime factors of i(r)?
2, 5
Let z(c) = 7*c**2 + 11*c - 42. List the prime factors of z(6).
2, 3, 23
Let w(x) = -4*x**3 + x**2 + x + 1. Let v be w(-1). Suppose -11 = -v*l + 4. Let g(o) = o**3 - 2*o**2 + 2*o - 3. List the prime factors of g(l).
2, 3
Suppose s + a = -4*s + 371, -3*s + 4*a + 241 = 0. What are the prime factors of s?
3, 5
Suppose 0*d = 2*d + 3*r - 4, d + r = 3. Suppose -11 = n - d. What are the prime factors of 21 - 4/(8/n)?
2, 3
Let a(d) = -d**2 - 39*d - 25. Let y be a(-24). Let x = y + -222. What are the prime factors of x?
113
Let o(h) = -57*h**3 + 4*h**2 + 8*h - 7. Let p(a) = 171*a**3 - 11*a**2 - 23*a + 20. Let v(m) = 17*o(m) + 6*p(m). What are the prime factors of v(1)?
2, 29
Suppose -m + 43 = -4*r, 162 + 12 = 3*m + 3*r. Suppose 0 + 28 = 4*f. Suppose m = f*x - 2*x. List the prime factors of x.
11
Suppose -4*w = 0, 9*k + w = 13*k - 3812. List the prime factors of k.
953
Suppose -5*u + 290 = -4*m + 26, -3*u + m = -164. Let w be -7*14/7*1/2. List the prime factors of 880/u - 2/w.
2
Suppose l - 2*l + 5 = 0. Suppose -l*w = -49 - 26. What are the prime factors of w?
3, 5
Let v(x) = 2*x + 8*x**2 - 4*x + x**3 - 1 + 6 + 5. Let c be v(-8). Let s = -21 + c. What are the prime factors of s?
5
Suppose -12 = 15*n - 18*n. Suppose -36 = -o + 2*h - 4, -n*o + h + 121 = 0. List the prime factors of o.
2, 3, 5
Suppose a - 12 = -2*a. Suppose -2*r - 126 = -a*r. What are the prime factors of r?
3, 7
Suppose 383 = t - 5*c, 3*c + 2*c = -20. Suppose -3*k + 4*l = -t, k + 5*l - 140 = -0*k. Suppose 0 = x + 4*x - k. What are the prime factors of x?
5
Let a(j) = 2*j**3 - j**2 - 4*j + 3. Suppose 4*p - 21 = -b - 2*b, -2*p - 6 = -4*b. Let t be p + 0 - (4 + -4). List the prime factors of a(t).
2, 3
Suppose 0*j = 2*j - 6. Suppose 311 - 260 = 17*r. Suppose 3*h = -j*b + 75, -h + r*b = h - 35. List the prime factors of h.
2, 11
List the prime factors of 382380/228 - (-2)/(-19).
3, 13, 43
Suppose -k - 8 = -2*k. List the prime factors of (156/k)/(3/4).
2, 13
Let w(r) = 39*r**3 - 2*r + 1. Let m be w(1). Let x = m - 19. Suppose -21 = -2*p + p + 3*z, p - x = 5*z. What are the prime factors of p?
2, 3
Let h(a) = -3 - 13*a**2 + 11*a + a**3 - 2*a**3 - 6. Let g be h(-14). Suppose -g = -w + 5*v + 17, 2*v = 5*w - 181. What are the prime factors of w?
5, 7
Let v(l) = 16*l**3 + 3*l**2 + 2*l - 4. What are the prime factors of v(2)?
2, 5, 7
Let b(u) = -u**2 - 5*u + 6. Let h be b(-6). Suppose 0 = -2*v - h + 4. Let d = 23 - v. What are the prime factors of d?
3, 7
Let m be 4 - 3*55/15. Let h = m - -4. Let t(o) = 8*o**2 - o + 7. What are the prime factors of t(h)?
2, 41
Let k(c) = -2*c**2 + 4*c - 3. Let w be k(2). Let h(o) = -9*o - 3. Let m be h(w). Let b = 1 + m. What are the prime factors of b?
5
Let m = -2 + -8. Let i = m - -29. What are the prime factors of i?
19
Let c be (7/9 - 1) + 249/27. Suppose c = o - 13. List the prime factors of o.
2, 11
Let z(j) = 2*j**2 - 6*j - 12. Let d = -4 - -8. Suppose m = 4*r - 5*r + 11, 49 = d*m + 5*r. List the prime factors of z(m).
2, 3
Let t = 64 - -208. What are the prime factors of t?
2, 17
Suppose -2*u + 3*s - 13 = 0, 8 = -2*u + s + 1. Let l be 203/63 + u/9. Suppose n + 119 - 12 = 4*k, 0 = l*k - n - 80. List the prime factors of k.
3
Let o = -610 + 1203. List the prime factors of o.
593
Suppose 0 = -4*z - 0*z + 5*m + 399, 4*z = 3*m + 409. Let i be 3 - 1 - z/(-1). Suppose 27 = 3*t - i. List the prime factors of t.
3, 5
Let z be (-62)/(-7) - 24/(-168). Suppose -z*g = -191 - 2473. What are the prime factors of g?
2, 37
Suppose 2*t = 13 + 17. Let z be (-16)/(-10)*(-5 + (-150)/12). What are the prime factors of (z/5)/((-6)/t)?
2, 7
Let i be 3/(-9)*3 + 1. Suppose i = r - 3*w - 6, 4*w = r + 3*w - 2. Suppose k - 5*q + q - 15 = r, 0 = -2*k + 3*q + 30. List the prime factors of k.
3, 5
Let b(f) = -f**3 - 7*f**2 - 6*f + 8. Let k be b(-9). Let j = k - 127. Suppose -j = -2*x + 15. List the prime factors of x.
2, 7
Let v = 547 + -454. List the prime factors of v.
3, 31
Let y = -13 - -16. Suppose l = -y*h + 74 - 17, 116 = 2*l + 4*h. List the prime factors of l.
2, 3, 5
Let c = 1285 - 865. List the prime factors of c.
2, 3, 5, 7
Suppose -5755 = -5*l - h + 991, 0 = 4*l - 5*h - 5420. What are the prime factors of l?
2, 3, 5
List the prime factors of (1/(-10) - 644/(-140))*38.
3, 19
Suppose 6*j + 196 = 7*j. What are the prime factors of j?
2, 7
Suppose -2907 = -3*l + 3*d, -291 - 658 = -l + 5*d. List the prime factors of l.
2, 487
Let i = 14 - 18. Let f(l) = l**3 - l**2. Let n(j) = 5*j**3 - 2*j**2 + 3*j + 5. Let p(c) = 4*f(c) - n(c). What are the prime factors of p(i)?
3, 13
Let s = 161 - 314. Let p = 257 + s. Let l = -56 + p. List the prime factors of l.
2, 3
Suppose -6 - 4 = -5*l. Suppose u + 8 = -2*x - 1, -x - 7 = -l*u. Let k(m) = 47*m. What are the prime factors of k(u)?
47
Let g = 24 - 20. Suppose 2 + 2 = p - g*r, -2 = -5*p + 2*r. Suppose -6*f + p*f = -126. List the prime factors of f.
3, 7
Suppose 0*y - 4*y + 9220 = 2*l, -l = -2. List the prime factors of y.
2, 3
Suppose -20 = 2*w + 3*w, 0 = 2*t + w + 146. Let l = 35 + t. Let o = 60 + l. List the prime factors of o.
2, 3
Let w be (6/4)/((-2)/(-4)). Suppose -w*l + 25 = -2*h, -2*h + 3*h = l - 10. Suppose l*r - 14 - 31 = 0. List the prime factors of r.
3
Let c = -2309 - -6102. What are the prime factors of c?
3793
Let j = 1957 + -597. What are the prime factors of j?
2, 5, 17
Let k be -296*(-6)/10 - (-6)/15. Suppose -2*t - 178 = -2*p, -2*p + 0*t + 3*t = -k. What are the prime factors of p?
89
Let u = -2480 - -3192. List the prime factors of u.
2, 89
Let l(g) = -g**2 - 3*g + 4. Suppose -3*k - t + 19 = 0, -k = -4*k - 5*t + 11. Let b = k - 10. List the prime factors of l(b).
2
Let h be 187/7 - (-2)/7. What are the prime factors of (-2 + (h/12 - 2))*-32?
2, 7
Suppose 2*l = -2*q + 3*l + 137, -2*q - 5*l + 143 = 0. Suppose -5*u = 151 + q. Let z = u + 89. What are the prime factors of z?
3, 5
Suppose 12240 = -86*c + 101*c. What are the prime factors of c?
2, 3, 17
Let o(j) = 0*j - 6*j - 12 + j. Suppose 0 = 22*p + 272 - 8. What are the prime factors of o(p)?
2, 3
Let c(o) = 335*o**2 + 3*o - 2. List the prime factors of c(-3).
2, 751
Suppose 3*j = -2*f + 4*f + 1456, -2*j + 4*f = -984. List the prime factors of j.
2, 241
Let z(s) = -s**3 + 7*s**2 + 21*s - 18. Let i be z(9). Let b(u) = u**3 - 7*u**2